{"id":71,"date":"2017-06-20T10:08:24","date_gmt":"2017-06-20T08:08:24","guid":{"rendered":"http:\/\/thorame-haute-pont-du-moulin.fr\/?page_id=71"},"modified":"2019-07-10T20:58:33","modified_gmt":"2019-07-10T18:58:33","slug":"references","status":"publish","type":"page","link":"https:\/\/thorame-haute-pont-du-moulin.fr\/index.php\/references\/","title":{"rendered":"R\u00e9f\u00e9rences"},"content":{"rendered":"<p><strong><a href=\"http:\/\/thorame.fr\/fr\/thorame-pont.php\" target=\"_blank\" rel=\"noopener noreferrer\">Site de Thorame de Marc Jauniaux<\/a><\/strong><br \/>\n<strong><a href=\"https:\/\/fr.wikipedia.org\/wiki\/Pont_du_Moulin_(Thorame-Haute)\" target=\"_blank\" rel=\"noopener noreferrer\">Site Wikipedia<\/a><\/strong><br \/>\n<strong><a href=\"http:\/\/www.culture.gouv.fr\/public\/mistral\/merimee_fr?ACTION=CHERCHER&amp;FIELD_1=REF&amp;VALUE_1=PA00080503\" target=\"_blank\" rel=\"noopener noreferrer\">Site M\u00e9rim\u00e9e<\/a><\/strong><br \/>\n<strong><a href=\"http:\/\/www.monumentum.fr\/ancien-pont-dondres-dit-pont-moulin-sur-verdon-pa00080503.html\" target=\"_blank\" rel=\"noopener noreferrer\">Monumentum<\/a><\/strong><br \/>\n<strong><a href=\"http:\/\/thorame-haute-patrimoine.fr\" target=\"_blank\" rel=\"noopener noreferrer\">Site de l&rsquo;Association Patrimoine Culturel de Thorame-Haute<\/a><\/strong><br \/>\nD&rsquo;une rive \u00e0 l&rsquo;autre &#8211; Les ponts de Haute-Provence de l&rsquo;Antiquit\u00e9 \u00e0 nos jours &#8211; de P. Auran et all. &#8211; Ed. Les Alpes de lumi\u00e8re n\u00b0153 Avril 2006 &#8211; p 122.<br \/>\nDossier de classement aux Monuments Historiques.<br \/>\nArchives d\u00e9partementales s\u00e9rie C &#8211; Marseille<br \/>\nArchives d\u00e9partementales s\u00e9rie C45 F\u00b0 19 &#8211; Digne<br \/>\nArchives d\u00e9partementales s\u00e9rie C p.304 &#8211; Marseille<br \/>\nArchives d\u00e9partementales s\u00e9rie C45 F\u00b020 &#8211; Digne<br \/>\nArchives d\u00e9partementales s\u00e9rie S bis Chemins vicinaux &#8211; Digne.<br \/>\nexposition et livret \u00ab\u00a0Le pont du moulin ou ancien pont d\u2019Ondres.\u00a0\u00bb de l&rsquo;<a href=\"http:\/\/thorame-haute-patrimoine.fr\" target=\"_blank\" rel=\"noopener noreferrer\">Association Patrimoine Culturel de Thorame-Haute<\/a>.<br \/>\nNotes et textes divers de M. F\u00e9lix Jaume et de M. Robert Michel.  <\/p>\n<p><strong><a href=\"\/index.php\/denominations\/\" target=\"_self\">D\u00e9nominations<\/a><\/strong><br \/>\n<strong><a href=\"\/index.php\/geographie\/\" target=\"_self\">G\u00e9ographie<\/a><\/strong><br \/>\n<strong><a href=\"\/index.php\/historique\/\" target=\"_self\">Historique<\/a><\/strong><br \/>\n<strong><a href=\"\/index.php\/documents-anciens\/\" target=\"_self\">Cartes postales &#8211; Documents anciens<\/a><\/strong><br \/>\n<strong><a href=\"\/index.php\/construction\/\" target=\"_self\">Construction &#8211; Description<\/a><\/strong><br \/>\n<strong><a href=\"\/index.php\/galerie\/\" target=\"_self\">Galerie artistique<\/a><\/strong><br \/>\n<strong><a href=\"\/index.php\/photos-recentes\/\" target=\"_self\">Photos r\u00e9centes<\/a><\/strong><br \/>\n<strong><a href=\"\/index.php\/autresvues\/\" target=\"_self\">Autres vues<\/a><\/strong><br \/>\n<strong><a href=\"\/index.php\/evenements-recents\/\" target=\"_self\">\u00c9v\u00e9nements r\u00e9cents<\/a><\/strong><br \/>\n<strong><a href=\"\/index.php\/etat-actuel\/\" target=\"_self\">Etat actuel<\/a><\/strong><br \/>\n<strong><a href=\"\/index.php\/etudes-de-sauvegarde\/\" target=\"_self\">Etudes de sauvegarde<\/a><\/strong><br \/>\n<strong><a href=\"\/index.php\/references\/\" target=\"_self\">R\u00e9f\u00e9rences<\/a><\/strong><\/p>\n","protected":false},"excerpt":{"rendered":"<p>Site de Thorame de Marc Jauniaux Site Wikipedia Site M\u00e9rim\u00e9e Monumentum Site de l&rsquo;Association Patrimoine Culturel de Thorame-Haute D&rsquo;une rive \u00e0 l&rsquo;autre &#8211; Les ponts de Haute-Provence de l&rsquo;Antiquit\u00e9 \u00e0 nos jours &#8211; de P. Auran et all. &#8211; Ed. Les Alpes de lumi\u00e8re n\u00b0153 Avril 2006 &#8211; p 122. Dossier de classement aux Monuments &hellip; <\/p>\n<p class=\"link-more\"><a href=\"https:\/\/thorame-haute-pont-du-moulin.fr\/index.php\/references\/\" class=\"more-link\">Continuer la lecture<span class=\"screen-reader-text\"> de &laquo;&nbsp;R\u00e9f\u00e9rences&nbsp;&raquo;<\/span><\/a><\/p>\n","protected":false},"author":1,"featured_media":0,"parent":0,"menu_order":0,"comment_status":"closed","ping_status":"closed","template":"","meta":{"footnotes":""},"_links":{"self":[{"href":"https:\/\/thorame-haute-pont-du-moulin.fr\/index.php\/wp-json\/wp\/v2\/pages\/71"}],"collection":[{"href":"https:\/\/thorame-haute-pont-du-moulin.fr\/index.php\/wp-json\/wp\/v2\/pages"}],"about":[{"href":"https:\/\/thorame-haute-pont-du-moulin.fr\/index.php\/wp-json\/wp\/v2\/types\/page"}],"author":[{"embeddable":true,"href":"https:\/\/thorame-haute-pont-du-moulin.fr\/index.php\/wp-json\/wp\/v2\/users\/1"}],"replies":[{"embeddable":true,"href":"https:\/\/thorame-haute-pont-du-moulin.fr\/index.php\/wp-json\/wp\/v2\/comments?post=71"}],"version-history":[{"count":14,"href":"https:\/\/thorame-haute-pont-du-moulin.fr\/index.php\/wp-json\/wp\/v2\/pages\/71\/revisions"}],"predecessor-version":[{"id":543,"href":"https:\/\/thorame-haute-pont-du-moulin.fr\/index.php\/wp-json\/wp\/v2\/pages\/71\/revisions\/543"}],"wp:attachment":[{"href":"https:\/\/thorame-haute-pont-du-moulin.fr\/index.php\/wp-json\/wp\/v2\/media?parent=71"}],"curies":[{"name":"wp","href":"https:\/\/api.w.org\/{rel}","templated":true}]}}