{"id":2,"date":"2017-04-06T17:17:18","date_gmt":"2017-04-06T15:17:18","guid":{"rendered":"http:\/\/thorame-haute-pont-du-moulin.fr\/?page_id=2"},"modified":"2019-07-10T21:23:38","modified_gmt":"2019-07-10T19:23:38","slug":"historique","status":"publish","type":"page","link":"https:\/\/thorame-haute-pont-du-moulin.fr\/index.php\/historique\/","title":{"rendered":"Historique"},"content":{"rendered":"<p>De nombreux \u00e9crits ont \u00e9t\u00e9 repris dans les sites et documents en <strong><a href=\"\/index.php\/references\/\" target=\"_self\">R\u00e9f\u00e9rences<\/a><\/strong><\/p>\n<p>L\u2019Histoire raconte qu\u2019en 1625, lors d\u2019une assembl\u00e9e g\u00e9n\u00e9rale des communaut\u00e9s publiques qui se tenait \u00e0 Lambesc dans les Bouches-du-Rh\u00f4ne, les consuls de la vall\u00e9e du Haut-Verdon r\u00e9clament de \u00ab <em>faire construire un pont en charpente \u00e0 trois arcades sur la rivi\u00e8re de Verdon au terroir dudit Thorame la haute et \u00e0 l\u2018endroit o\u00f9 il y a pr\u00e9sentement un pont de bois \u00e0 cause que le dit pont de bois menace ruine, et il est fort utile et n\u00e9cessaire au commerce, soit pour le passage de toute sorte de montures, que pour les bestiaux qui vont d\u00e9pa\u00eetre l\u2019\u00e9t\u00e9 aux montagnes.<\/em> \u00bb Le 16 juillet 1626, ce pont de bois est donn\u00e9 \u00e0 prix-fait . On dirait aujourd\u2019hui que le cahier des charges est r\u00e9dig\u00e9.<br \/>\nUn acte de 1626 mentionne le pont \u00e0 reconstruire \u00ab<em>proche des moulins<\/em>\u00bb. Il existait en effet un moulin \u00e0 foulon ou \u00e0 farine, probablement ant\u00e9rieur au XVII\u00e8me si\u00e8cle qui se situait au nord du pont sur un canal de d\u00e9rivation. La carte de Cassini, \u00e9tablie au XVIII\u00e8me si\u00e8cle, repr\u00e9sente le pont et le moulin. Il ne s\u2019agit pas ici du moulin contigu au pont, qui n\u2019existait pas encore.<br \/>\nEn 1681, les m\u00eames communaut\u00e9s sollicitent la Province : \u00ab <em>dans le terroir dudict Thorame la haute, il y avait un pont en bois [&#8230;] qui servait pour le passage de tout le bestail que l\u2019on m\u00e8ne despa\u00eetre en est\u00e9 aux montagniers de ce quartier, lequel pont se trouve actuellement ruin\u00e9.[&#8230;] demandent qu&rsquo;il plaise \u00e0 l&rsquo;assembl\u00e9e de d\u00e9lib\u00e9rer qu&rsquo;il sera construict en pierre sur ladict rivi\u00e8re et \u00e0 l&rsquo;endroit qu&rsquo;il trouvera form\u00e9 de petite despanse et qu&rsquo;il pourra estre fait avec une seule arche&#8230;<\/em> \u00bb.<br \/>\nLe devis est dress\u00e9 le 26 ao\u00fbt 1682.<br \/>\nLes ench\u00e8res conduisent \u00e0 la conclusion du contrat avec Monsieur Eustache Ventre, ma\u00e7on de Colmars pour la somme de \u00ab <em>Trois mil livres qui doit estre r\u00e9gal\u00e9e sur les contribuables<\/em> \u00bb.<br \/>\nLa r\u00e9ception de l&rsquo;ouvrage a lieu en 1688 au cours de laquelle les repr\u00e9sentants de la province constatent avec quelque \u00e9tonnement que l&rsquo;ouvrage r\u00e9alis\u00e9 ne correspond pas au devis, qui pr\u00e9voyait une seule arche. Le pont en comporte deux.<br \/>\nL&rsquo;entrepreneur se justifie par la pr\u00e9sence du rocher ayant permis, et de fonder la pile, et d&rsquo;assoir la cul\u00e9e de la petite arche, servant d&rsquo;une part \u00e0 la vidange du Verdon lorsque celui-ci est gros de la fonte des neiges ; que d&rsquo;autre part, en respectant les mesure du devis, le second piedroit ne se serait pas trouv\u00e9 sur le ferme. Il faut supposer que le procureur et l&rsquo;architecte furent sensibles \u00e0 la beaut\u00e9 de l&rsquo;\u00e9difice, \u00e0 l&rsquo;ing\u00e9niosit\u00e9 de son auteur et \u00e0 ses explications, car ils accept\u00e8rent cette modification unilat\u00e9raleet consid\u00e9r\u00e8rent que l&rsquo;entrepreneur devait \u00eatre pay\u00e9 du surplus de besogne occasionn\u00e9 par la construction de la seconde arche.<\/p>\n<p>Durant deux si\u00e8cles, le pont va remplir sa mission : faciliter le franchissement du Verdon pour les hommes et les b\u00eates.<br \/>\nTr\u00e8s peu de documents nous d\u00e9crivent l\u2019\u00e9volution et l\u2019utilisation du pont au XVIII\u00e8me si\u00e8cle.<\/p>\n<p>En 1881, avec l\u2019endiguement du Verdon sur sa rive droite, sur lequel on place la N208 qui deviendra la D908, on change le trac\u00e9 du chemin vicinal ordinaire n\u00b0 2 conduisant \u00e0 Ondres. Une passerelle est r\u00e9alis\u00e9e en amont du pont du Moulin qui est alors d\u00e9laiss\u00e9 au profit de la nouvelle structure.<\/p>\n<p>La nouvelle passerelle ne r\u00e9sistera pas longtemps aux crues du Verdon. Elle est emport\u00e9e en 1917 et consolid\u00e9e de fa\u00e7on sommaire. En 1925, le projet d\u2019une nouvelle passerelle avec des piliers en pierre est \u00e9voqu\u00e9.<br \/>\nMais il faudra attendre 1938 pour voir son ach\u00e8vement. Celle-ci se r\u00e9v\u00e8lera beaucoup plus solide et son tablier ne sera remplac\u00e9 par des poutrelles d\u2019acier qu\u2019\u00e0 la fin des ann\u00e9es 1990.<\/p>\n<p>\u2018\u2019L\u2019ancien pont d\u2019Ondres\u2019\u2019 ne sera plus gu\u00e8re entretenu apr\u00e8s cette date et se d\u00e9t\u00e9riorera jusqu\u2019\u00e0 devenir dangereux.<\/p>\n<p><strong>NB : nous recherchons des photos et des documents des ann\u00e9es 1920 \u00e0 1980&#8230;..<\/strong><\/p>\n<p><strong><a href=\"\/index.php\/denominations\/\" target=\"_self\">D\u00e9nominations<\/a><\/strong><br \/>\n<strong><a href=\"\/index.php\/geographie\/\" target=\"_self\">G\u00e9ographie<\/a><\/strong><br \/>\n<strong><a href=\"\/index.php\/historique\/\" target=\"_self\">Historique<\/a><\/strong><br \/>\n<strong><a href=\"\/index.php\/documents-anciens\/\" target=\"_self\">Cartes postales &#8211; Documents anciens<\/a><\/strong><br \/>\n<strong><a href=\"\/index.php\/construction\/\" target=\"_self\">Construction &#8211; Description<\/a><\/strong><br \/>\n<strong><a href=\"\/index.php\/galerie\/\" target=\"_self\">Galerie artistique<\/a><\/strong><br \/>\n<strong><a href=\"\/index.php\/photos-recentes\/\" target=\"_self\">Photos r\u00e9centes<\/a><\/strong><br \/>\n<strong><a href=\"\/index.php\/autresvues\/\" target=\"_self\">Autres vues<\/a><\/strong><br \/>\n<strong><a href=\"\/index.php\/evenements-recents\/\" target=\"_self\">\u00c9v\u00e9nements r\u00e9cents<\/a><\/strong><br \/>\n<strong><a href=\"\/index.php\/etat-actuel\/\" target=\"_self\">Etat actuel<\/a><\/strong><br \/>\n<strong><a href=\"\/index.php\/etudes-de-sauvegarde\/\" target=\"_self\">Etudes de sauvegarde<\/a><\/strong><br \/>\n<strong><a href=\"\/index.php\/references\/\" target=\"_self\">R\u00e9f\u00e9rences<\/a><\/strong><\/p>\n","protected":false},"excerpt":{"rendered":"<p>De nombreux \u00e9crits ont \u00e9t\u00e9 repris dans les sites et documents en R\u00e9f\u00e9rences L\u2019Histoire raconte qu\u2019en 1625, lors d\u2019une assembl\u00e9e g\u00e9n\u00e9rale des communaut\u00e9s publiques qui se tenait \u00e0 Lambesc dans les Bouches-du-Rh\u00f4ne, les consuls de la vall\u00e9e du Haut-Verdon r\u00e9clament de \u00ab faire construire un pont en charpente \u00e0 trois arcades sur la rivi\u00e8re de &hellip; <\/p>\n<p class=\"link-more\"><a href=\"https:\/\/thorame-haute-pont-du-moulin.fr\/index.php\/historique\/\" class=\"more-link\">Continuer la lecture<span class=\"screen-reader-text\"> de &laquo;&nbsp;Historique&nbsp;&raquo;<\/span><\/a><\/p>\n","protected":false},"author":1,"featured_media":0,"parent":0,"menu_order":0,"comment_status":"closed","ping_status":"open","template":"","meta":{"footnotes":""},"_links":{"self":[{"href":"https:\/\/thorame-haute-pont-du-moulin.fr\/index.php\/wp-json\/wp\/v2\/pages\/2"}],"collection":[{"href":"https:\/\/thorame-haute-pont-du-moulin.fr\/index.php\/wp-json\/wp\/v2\/pages"}],"about":[{"href":"https:\/\/thorame-haute-pont-du-moulin.fr\/index.php\/wp-json\/wp\/v2\/types\/page"}],"author":[{"embeddable":true,"href":"https:\/\/thorame-haute-pont-du-moulin.fr\/index.php\/wp-json\/wp\/v2\/users\/1"}],"replies":[{"embeddable":true,"href":"https:\/\/thorame-haute-pont-du-moulin.fr\/index.php\/wp-json\/wp\/v2\/comments?post=2"}],"version-history":[{"count":28,"href":"https:\/\/thorame-haute-pont-du-moulin.fr\/index.php\/wp-json\/wp\/v2\/pages\/2\/revisions"}],"predecessor-version":[{"id":547,"href":"https:\/\/thorame-haute-pont-du-moulin.fr\/index.php\/wp-json\/wp\/v2\/pages\/2\/revisions\/547"}],"wp:attachment":[{"href":"https:\/\/thorame-haute-pont-du-moulin.fr\/index.php\/wp-json\/wp\/v2\/media?parent=2"}],"curies":[{"name":"wp","href":"https:\/\/api.w.org\/{rel}","templated":true}]}}

<p>De nombreux écrits ont été repris dans les sites et documents en <strong><a href="/index.php/references/" target="_self">Références</a></strong></p>
<p>L’Histoire raconte qu’en 1625, lors d’une assemblée générale des communautés publiques qui se tenait à Lambesc dans les Bouches-du-Rhône, les consuls de la vallée du Haut-Verdon réclament de « <em>faire construire un pont en charpente à trois arcades sur la rivière de Verdon au terroir dudit Thorame la haute et à l‘endroit où il y a présentement un pont de bois à cause que le dit pont de bois menace ruine, et il est fort utile et nécessaire au commerce, soit pour le passage de toute sorte de montures, que pour les bestiaux qui vont dépaître l’été aux montagnes.</em> » Le 16 juillet 1626, ce pont de bois est donné à prix-fait . On dirait aujourd’hui que le cahier des charges est rédigé.<br />
Un acte de 1626 mentionne le pont à reconstruire «<em>proche des moulins</em>». Il existait en effet un moulin à foulon ou à farine, probablement antérieur au XVIIème siècle qui se situait au nord du pont sur un canal de dérivation. La carte de Cassini, établie au XVIIIème siècle, représente le pont et le moulin. Il ne s’agit pas ici du moulin contigu au pont, qui n’existait pas encore.<br />
En 1681, les mêmes communautés sollicitent la Province : « <em>dans le terroir dudict Thorame la haute, il y avait un pont en bois [&#8230;] qui servait pour le passage de tout le bestail que l’on mène despaître en esté aux montagniers de ce quartier, lequel pont se trouve actuellement ruiné.[&#8230;] demandent qu&rsquo;il plaise à l&rsquo;assemblée de délibérer qu&rsquo;il sera construict en pierre sur ladict rivière et à l&rsquo;endroit qu&rsquo;il trouvera formé de petite despanse et qu&rsquo;il pourra estre fait avec une seule arche&#8230;</em> ».<br />
Le devis est dressé le 26 août 1682.<br />
Les enchères conduisent à la conclusion du contrat avec Monsieur Eustache Ventre, maçon de Colmars pour la somme de « <em>Trois mil livres qui doit estre régalée sur les contribuables</em> ».<br />
La réception de l&rsquo;ouvrage a lieu en 1688 au cours de laquelle les représentants de la province constatent avec quelque étonnement que l&rsquo;ouvrage réalisé ne correspond pas au devis, qui prévoyait une seule arche. Le pont en comporte deux.<br />
L&rsquo;entrepreneur se justifie par la présence du rocher ayant permis, et de fonder la pile, et d&rsquo;assoir la culée de la petite arche, servant d&rsquo;une part à la vidange du Verdon lorsque celui-ci est gros de la fonte des neiges ; que d&rsquo;autre part, en respectant les mesure du devis, le second piedroit ne se serait pas trouvé sur le ferme. Il faut supposer que le procureur et l&rsquo;architecte furent sensibles à la beauté de l&rsquo;édifice, à l&rsquo;ingéniosité de son auteur et à ses explications, car ils acceptèrent cette modification unilatéraleet considérèrent que l&rsquo;entrepreneur devait être payé du surplus de besogne occasionné par la construction de la seconde arche.</p>
<p>Durant deux siècles, le pont va remplir sa mission : faciliter le franchissement du Verdon pour les hommes et les bêtes.<br />
Très peu de documents nous décrivent l’évolution et l’utilisation du pont au XVIIIème siècle.</p>
<p>En 1881, avec l’endiguement du Verdon sur sa rive droite, sur lequel on place la N208 qui deviendra la D908, on change le tracé du chemin vicinal ordinaire n° 2 conduisant à Ondres. Une passerelle est réalisée en amont du pont du Moulin qui est alors délaissé au profit de la nouvelle structure.</p>
<p>La nouvelle passerelle ne résistera pas longtemps aux crues du Verdon. Elle est emportée en 1917 et consolidée de façon sommaire. En 1925, le projet d’une nouvelle passerelle avec des piliers en pierre est évoqué.<br />
Mais il faudra attendre 1938 pour voir son achèvement. Celle-ci se révèlera beaucoup plus solide et son tablier ne sera remplacé par des poutrelles d’acier qu’à la fin des années 1990.</p>
<p>‘’L’ancien pont d’Ondres’’ ne sera plus guère entretenu après cette date et se détériorera jusqu’à devenir dangereux.</p>
<p><strong>NB : nous recherchons des photos et des documents des années 1920 à 1980&#8230;..</strong></p>
<p><strong><a href="/index.php/denominations/" target="_self">Dénominations</a></strong><br />
<strong><a href="/index.php/geographie/" target="_self">Géographie</a></strong><br />
<strong><a href="/index.php/historique/" target="_self">Historique</a></strong><br />
<strong><a href="/index.php/documents-anciens/" target="_self">Cartes postales &#8211; Documents anciens</a></strong><br />
<strong><a href="/index.php/construction/" target="_self">Construction &#8211; Description</a></strong><br />
<strong><a href="/index.php/galerie/" target="_self">Galerie artistique</a></strong><br />
<strong><a href="/index.php/photos-recentes/" target="_self">Photos récentes</a></strong><br />
<strong><a href="/index.php/autresvues/" target="_self">Autres vues</a></strong><br />
<strong><a href="/index.php/evenements-recents/" target="_self">Événements récents</a></strong><br />
<strong><a href="/index.php/etat-actuel/" target="_self">Etat actuel</a></strong><br />
<strong><a href="/index.php/etudes-de-sauvegarde/" target="_self">Etudes de sauvegarde</a></strong><br />
<strong><a href="/index.php/references/" target="_self">Références</a></strong></p>

<p>De nombreux écrits ont été repris dans les sites et documents en Références L’Histoire raconte qu’en 1625, lors d’une assemblée générale des communautés publiques qui se tenait à Lambesc dans les Bouches-du-Rhône, les consuls de la vallée du Haut-Verdon réclament de « faire construire un pont en charpente à trois arcades sur la rivière de &hellip; </p>
<p class="link-more"><a href="https://thorame-haute-pont-du-moulin.fr/index.php/historique/" class="more-link">Continuer la lecture<span class="screen-reader-text"> de &laquo;&nbsp;Historique&nbsp;&raquo;</span></a></p>
